{"id":1414,"date":"2016-02-12T07:54:41","date_gmt":"2016-02-12T07:54:41","guid":{"rendered":"http:\/\/demos.famethemes.com\/onepress\/?page_id=4"},"modified":"2026-03-06T02:14:58","modified_gmt":"2026-03-06T01:14:58","slug":"accueil","status":"publish","type":"page","link":"https:\/\/c-behind.com\/","title":{"rendered":"Accueil"},"content":{"rendered":"\n<p>C Behind est une soci\u00e9t\u00e9 de conseil et d&#8217;int\u00e9gration Salesforce et Odoo. Nous accompagnons nos clients dans leurs projets de transformation digitale.<\/p>\n\n\n\n<p>Vous recherchez un int\u00e9grateur pour r\u00e9ussir votre transformation num\u00e9rique ? Contactez C Behind.<\/p>\n\n\n\n<p><\/p>\n\n\n\n<p>Int\u00e9gration <\/p>\n\n\n\n<p>Consulting <\/p>\n\n\n\n<p>salesforce <\/p>\n\n\n\n<p>Odoo<\/p>\n\n\n\n<p>Int\u00e9grateur Odoo<\/p>\n\n\n\n<p>Odoo Tanger<\/p>\n\n\n\n<p>Odoo Maroc<\/p>\n\n\n\n<p>C Behind Tanger<\/p>\n\n\n\n<p>C Behind Maroc<\/p>\n\n\n\n<p><\/p>\n\n\n\n<p><\/p>\n\n\n\n<p><\/p>\n","protected":false},"excerpt":{"rendered":"<p>C Behind est une soci\u00e9t\u00e9 de conseil et d&#8217;int\u00e9gration Salesforce et Odoo. Nous accompagnons nos clients dans leurs projets de transformation digitale. Vous recherchez un int\u00e9grateur pour r\u00e9ussir votre transformation &#8230;<\/p>\n","protected":false},"author":2,"featured_media":0,"parent":0,"menu_order":0,"comment_status":"closed","ping_status":"closed","template":"template-frontpage.php","meta":{"footnotes":""},"class_list":["post-1414","page","type-page","status-publish","hentry"],"yoast_head":"<!-- This site is optimized with the Yoast SEO plugin v20.4 - https:\/\/yoast.com\/wordpress\/plugins\/seo\/ -->\n<title>C Behind - vous accompagne sur vos projets Salesforce et Odoo<\/title>\n<meta name=\"description\" content=\"C Behind est une soci\u00e9t\u00e9 de conseil et d&#039;int\u00e9gration Salesforce et Odoo. Nous accompagnons nos clients dans leurs projets de transformation digitale.\" \/>\n<meta name=\"robots\" content=\"index, follow, max-snippet:-1, max-image-preview:large, max-video-preview:-1\" \/>\n<link rel=\"canonical\" href=\"https:\/\/c-behind.com\/\" \/>\n<meta property=\"og:locale\" content=\"fr_FR\" \/>\n<meta property=\"og:type\" content=\"article\" \/>\n<meta property=\"og:title\" content=\"C Behind - vous accompagne sur vos projets Salesforce et Odoo\" \/>\n<meta property=\"og:description\" content=\"C Behind est une soci\u00e9t\u00e9 de conseil et d&#039;int\u00e9gration Salesforce et Odoo. Nous accompagnons nos clients dans leurs projets de transformation digitale.\" \/>\n<meta property=\"og:url\" content=\"https:\/\/c-behind.com\/\" \/>\n<meta property=\"og:site_name\" content=\"C Behind\" \/>\n<meta property=\"article:modified_time\" content=\"2026-03-06T01:14:58+00:00\" \/>\n<meta name=\"twitter:card\" content=\"summary_large_image\" \/>\n<meta name=\"twitter:label1\" content=\"Dur\u00e9e de lecture estim\u00e9e\" \/>\n\t<meta name=\"twitter:data1\" content=\"1 minute\" \/>\n<script type=\"application\/ld+json\" class=\"yoast-schema-graph\">{\"@context\":\"https:\/\/schema.org\",\"@graph\":[{\"@type\":\"WebPage\",\"@id\":\"https:\/\/c-behind.com\/\",\"url\":\"https:\/\/c-behind.com\/\",\"name\":\"C Behind - vous accompagne sur vos projets Salesforce et Odoo\",\"isPartOf\":{\"@id\":\"https:\/\/c-behind.com\/#website\"},\"datePublished\":\"2016-02-12T07:54:41+00:00\",\"dateModified\":\"2026-03-06T01:14:58+00:00\",\"description\":\"C Behind est une soci\u00e9t\u00e9 de conseil et d'int\u00e9gration Salesforce et Odoo. Nous accompagnons nos clients dans leurs projets de transformation digitale.\",\"breadcrumb\":{\"@id\":\"https:\/\/c-behind.com\/#breadcrumb\"},\"inLanguage\":\"fr-FR\",\"potentialAction\":[{\"@type\":\"ReadAction\",\"target\":[\"https:\/\/c-behind.com\/\"]}]},{\"@type\":\"BreadcrumbList\",\"@id\":\"https:\/\/c-behind.com\/#breadcrumb\",\"itemListElement\":[{\"@type\":\"ListItem\",\"position\":1,\"name\":\"Accueil\",\"item\":\"https:\/\/c-behind.com\/\"},{\"@type\":\"ListItem\",\"position\":2,\"name\":\"Accueil\"}]},{\"@type\":\"WebSite\",\"@id\":\"https:\/\/c-behind.com\/#website\",\"url\":\"https:\/\/c-behind.com\/\",\"name\":\"C Behind\",\"description\":\"\",\"publisher\":{\"@id\":\"https:\/\/c-behind.com\/#organization\"},\"potentialAction\":[{\"@type\":\"SearchAction\",\"target\":{\"@type\":\"EntryPoint\",\"urlTemplate\":\"https:\/\/c-behind.com\/?s={search_term_string}\"},\"query-input\":\"required name=search_term_string\"}],\"inLanguage\":\"fr-FR\"},{\"@type\":\"Organization\",\"@id\":\"https:\/\/c-behind.com\/#organization\",\"name\":\"C Behind\",\"url\":\"https:\/\/c-behind.com\/\",\"logo\":{\"@type\":\"ImageObject\",\"inLanguage\":\"fr-FR\",\"@id\":\"https:\/\/c-behind.com\/#\/schema\/logo\/image\/\",\"url\":\"https:\/\/c-behind.com\/wp-content\/uploads\/2023\/03\/Logo-C-Behind.png\",\"contentUrl\":\"https:\/\/c-behind.com\/wp-content\/uploads\/2023\/03\/Logo-C-Behind.png\",\"width\":198,\"height\":150,\"caption\":\"C Behind\"},\"image\":{\"@id\":\"https:\/\/c-behind.com\/#\/schema\/logo\/image\/\"},\"sameAs\":[\"https:\/\/www.linkedin.com\/company\/c-behind\/\"]}]}<\/script>\n<!-- \/ Yoast SEO plugin. -->","yoast_head_json":{"title":"C Behind - vous accompagne sur vos projets Salesforce et Odoo","description":"C Behind est une soci\u00e9t\u00e9 de conseil et d'int\u00e9gration Salesforce et Odoo. Nous accompagnons nos clients dans leurs projets de transformation digitale.","robots":{"index":"index","follow":"follow","max-snippet":"max-snippet:-1","max-image-preview":"max-image-preview:large","max-video-preview":"max-video-preview:-1"},"canonical":"https:\/\/c-behind.com\/","og_locale":"fr_FR","og_type":"article","og_title":"C Behind - vous accompagne sur vos projets Salesforce et Odoo","og_description":"C Behind est une soci\u00e9t\u00e9 de conseil et d'int\u00e9gration Salesforce et Odoo. Nous accompagnons nos clients dans leurs projets de transformation digitale.","og_url":"https:\/\/c-behind.com\/","og_site_name":"C Behind","article_modified_time":"2026-03-06T01:14:58+00:00","twitter_card":"summary_large_image","twitter_misc":{"Dur\u00e9e de lecture estim\u00e9e":"1 minute"},"schema":{"@context":"https:\/\/schema.org","@graph":[{"@type":"WebPage","@id":"https:\/\/c-behind.com\/","url":"https:\/\/c-behind.com\/","name":"C Behind - vous accompagne sur vos projets Salesforce et Odoo","isPartOf":{"@id":"https:\/\/c-behind.com\/#website"},"datePublished":"2016-02-12T07:54:41+00:00","dateModified":"2026-03-06T01:14:58+00:00","description":"C Behind est une soci\u00e9t\u00e9 de conseil et d'int\u00e9gration Salesforce et Odoo. Nous accompagnons nos clients dans leurs projets de transformation digitale.","breadcrumb":{"@id":"https:\/\/c-behind.com\/#breadcrumb"},"inLanguage":"fr-FR","potentialAction":[{"@type":"ReadAction","target":["https:\/\/c-behind.com\/"]}]},{"@type":"BreadcrumbList","@id":"https:\/\/c-behind.com\/#breadcrumb","itemListElement":[{"@type":"ListItem","position":1,"name":"Accueil","item":"https:\/\/c-behind.com\/"},{"@type":"ListItem","position":2,"name":"Accueil"}]},{"@type":"WebSite","@id":"https:\/\/c-behind.com\/#website","url":"https:\/\/c-behind.com\/","name":"C Behind","description":"","publisher":{"@id":"https:\/\/c-behind.com\/#organization"},"potentialAction":[{"@type":"SearchAction","target":{"@type":"EntryPoint","urlTemplate":"https:\/\/c-behind.com\/?s={search_term_string}"},"query-input":"required name=search_term_string"}],"inLanguage":"fr-FR"},{"@type":"Organization","@id":"https:\/\/c-behind.com\/#organization","name":"C Behind","url":"https:\/\/c-behind.com\/","logo":{"@type":"ImageObject","inLanguage":"fr-FR","@id":"https:\/\/c-behind.com\/#\/schema\/logo\/image\/","url":"https:\/\/c-behind.com\/wp-content\/uploads\/2023\/03\/Logo-C-Behind.png","contentUrl":"https:\/\/c-behind.com\/wp-content\/uploads\/2023\/03\/Logo-C-Behind.png","width":198,"height":150,"caption":"C Behind"},"image":{"@id":"https:\/\/c-behind.com\/#\/schema\/logo\/image\/"},"sameAs":["https:\/\/www.linkedin.com\/company\/c-behind\/"]}]}},"_links":{"self":[{"href":"https:\/\/c-behind.com\/index.php\/wp-json\/wp\/v2\/pages\/1414","targetHints":{"allow":["GET"]}}],"collection":[{"href":"https:\/\/c-behind.com\/index.php\/wp-json\/wp\/v2\/pages"}],"about":[{"href":"https:\/\/c-behind.com\/index.php\/wp-json\/wp\/v2\/types\/page"}],"author":[{"embeddable":true,"href":"https:\/\/c-behind.com\/index.php\/wp-json\/wp\/v2\/users\/2"}],"replies":[{"embeddable":true,"href":"https:\/\/c-behind.com\/index.php\/wp-json\/wp\/v2\/comments?post=1414"}],"version-history":[{"count":8,"href":"https:\/\/c-behind.com\/index.php\/wp-json\/wp\/v2\/pages\/1414\/revisions"}],"predecessor-version":[{"id":1747,"href":"https:\/\/c-behind.com\/index.php\/wp-json\/wp\/v2\/pages\/1414\/revisions\/1747"}],"wp:attachment":[{"href":"https:\/\/c-behind.com\/index.php\/wp-json\/wp\/v2\/media?parent=1414"}],"curies":[{"name":"wp","href":"https:\/\/api.w.org\/{rel}","templated":true}]}}