{"id":25,"date":"2016-02-12T08:13:22","date_gmt":"2016-02-12T08:13:22","guid":{"rendered":"http:\/\/demos.famethemes.com\/onepress\/?page_id=25"},"modified":"2026-03-06T01:56:36","modified_gmt":"2026-03-06T00:56:36","slug":"support-maintenance","status":"publish","type":"page","link":"https:\/\/c-behind.com\/index.php\/support-maintenance\/","title":{"rendered":"Support et maintenance Salesforce et Odoo"},"content":{"rendered":"<p>Nous vous offrons un support technique de qualit\u00e9 et des services de maintenance pour assurer la performance et la p\u00e9rennit\u00e9 de votre solution. Nos services de support incluent :<\/p>\n<ul>\n<li>Assistance fonctionnelle et technique<\/li>\n<li>Mises \u00e0 jour et optimisation de la plateforme<\/li>\n<li>Monitoring et corrections des anomalies<\/li>\n<li>Administration et gestion de la s\u00e9curit\u00e9<\/li>\n<\/ul>\n","protected":false},"excerpt":{"rendered":"<p>Nous vous offrons un support technique de qualit\u00e9 et des services de maintenance pour assurer la performance et la p\u00e9rennit\u00e9 de votre solution Salesforce.<\/p>\n","protected":false},"author":2,"featured_media":0,"parent":0,"menu_order":0,"comment_status":"closed","ping_status":"closed","template":"","meta":{"footnotes":""},"class_list":["post-25","page","type-page","status-publish","hentry"],"yoast_head":"<!-- This site is optimized with the Yoast SEO plugin v20.4 - https:\/\/yoast.com\/wordpress\/plugins\/seo\/ -->\n<title>Support et maintenance Salesforce et Odoo - C Behind<\/title>\n<meta name=\"robots\" content=\"index, follow, max-snippet:-1, max-image-preview:large, max-video-preview:-1\" \/>\n<link rel=\"canonical\" href=\"https:\/\/c-behind.com\/index.php\/support-maintenance\/\" \/>\n<meta property=\"og:locale\" content=\"fr_FR\" \/>\n<meta property=\"og:type\" content=\"article\" \/>\n<meta property=\"og:title\" content=\"Support et maintenance Salesforce et Odoo - C Behind\" \/>\n<meta property=\"og:description\" content=\"Nous vous offrons un support technique de qualit\u00e9 et des services de maintenance pour assurer la performance et la p\u00e9rennit\u00e9 de votre solution Salesforce.\" \/>\n<meta property=\"og:url\" content=\"https:\/\/c-behind.com\/index.php\/support-maintenance\/\" \/>\n<meta property=\"og:site_name\" content=\"C Behind\" \/>\n<meta property=\"article:modified_time\" content=\"2026-03-06T00:56:36+00:00\" \/>\n<meta name=\"twitter:card\" content=\"summary_large_image\" \/>\n<meta name=\"twitter:label1\" content=\"Dur\u00e9e de lecture estim\u00e9e\" \/>\n\t<meta name=\"twitter:data1\" content=\"1 minute\" \/>\n<script type=\"application\/ld+json\" class=\"yoast-schema-graph\">{\"@context\":\"https:\/\/schema.org\",\"@graph\":[{\"@type\":\"WebPage\",\"@id\":\"https:\/\/c-behind.com\/index.php\/support-maintenance\/\",\"url\":\"https:\/\/c-behind.com\/index.php\/support-maintenance\/\",\"name\":\"Support et maintenance Salesforce et Odoo - C Behind\",\"isPartOf\":{\"@id\":\"https:\/\/c-behind.com\/#website\"},\"datePublished\":\"2016-02-12T08:13:22+00:00\",\"dateModified\":\"2026-03-06T00:56:36+00:00\",\"breadcrumb\":{\"@id\":\"https:\/\/c-behind.com\/index.php\/support-maintenance\/#breadcrumb\"},\"inLanguage\":\"fr-FR\",\"potentialAction\":[{\"@type\":\"ReadAction\",\"target\":[\"https:\/\/c-behind.com\/index.php\/support-maintenance\/\"]}]},{\"@type\":\"BreadcrumbList\",\"@id\":\"https:\/\/c-behind.com\/index.php\/support-maintenance\/#breadcrumb\",\"itemListElement\":[{\"@type\":\"ListItem\",\"position\":1,\"name\":\"Accueil\",\"item\":\"https:\/\/c-behind.com\/\"},{\"@type\":\"ListItem\",\"position\":2,\"name\":\"Support et maintenance Salesforce et Odoo\"}]},{\"@type\":\"WebSite\",\"@id\":\"https:\/\/c-behind.com\/#website\",\"url\":\"https:\/\/c-behind.com\/\",\"name\":\"C Behind\",\"description\":\"\",\"publisher\":{\"@id\":\"https:\/\/c-behind.com\/#organization\"},\"potentialAction\":[{\"@type\":\"SearchAction\",\"target\":{\"@type\":\"EntryPoint\",\"urlTemplate\":\"https:\/\/c-behind.com\/?s={search_term_string}\"},\"query-input\":\"required name=search_term_string\"}],\"inLanguage\":\"fr-FR\"},{\"@type\":\"Organization\",\"@id\":\"https:\/\/c-behind.com\/#organization\",\"name\":\"C Behind\",\"url\":\"https:\/\/c-behind.com\/\",\"logo\":{\"@type\":\"ImageObject\",\"inLanguage\":\"fr-FR\",\"@id\":\"https:\/\/c-behind.com\/#\/schema\/logo\/image\/\",\"url\":\"https:\/\/c-behind.com\/wp-content\/uploads\/2023\/03\/Logo-C-Behind.png\",\"contentUrl\":\"https:\/\/c-behind.com\/wp-content\/uploads\/2023\/03\/Logo-C-Behind.png\",\"width\":198,\"height\":150,\"caption\":\"C Behind\"},\"image\":{\"@id\":\"https:\/\/c-behind.com\/#\/schema\/logo\/image\/\"},\"sameAs\":[\"https:\/\/www.linkedin.com\/company\/c-behind\/\"]}]}<\/script>\n<!-- \/ Yoast SEO plugin. -->","yoast_head_json":{"title":"Support et maintenance Salesforce et Odoo - C Behind","robots":{"index":"index","follow":"follow","max-snippet":"max-snippet:-1","max-image-preview":"max-image-preview:large","max-video-preview":"max-video-preview:-1"},"canonical":"https:\/\/c-behind.com\/index.php\/support-maintenance\/","og_locale":"fr_FR","og_type":"article","og_title":"Support et maintenance Salesforce et Odoo - C Behind","og_description":"Nous vous offrons un support technique de qualit\u00e9 et des services de maintenance pour assurer la performance et la p\u00e9rennit\u00e9 de votre solution Salesforce.","og_url":"https:\/\/c-behind.com\/index.php\/support-maintenance\/","og_site_name":"C Behind","article_modified_time":"2026-03-06T00:56:36+00:00","twitter_card":"summary_large_image","twitter_misc":{"Dur\u00e9e de lecture estim\u00e9e":"1 minute"},"schema":{"@context":"https:\/\/schema.org","@graph":[{"@type":"WebPage","@id":"https:\/\/c-behind.com\/index.php\/support-maintenance\/","url":"https:\/\/c-behind.com\/index.php\/support-maintenance\/","name":"Support et maintenance Salesforce et Odoo - C Behind","isPartOf":{"@id":"https:\/\/c-behind.com\/#website"},"datePublished":"2016-02-12T08:13:22+00:00","dateModified":"2026-03-06T00:56:36+00:00","breadcrumb":{"@id":"https:\/\/c-behind.com\/index.php\/support-maintenance\/#breadcrumb"},"inLanguage":"fr-FR","potentialAction":[{"@type":"ReadAction","target":["https:\/\/c-behind.com\/index.php\/support-maintenance\/"]}]},{"@type":"BreadcrumbList","@id":"https:\/\/c-behind.com\/index.php\/support-maintenance\/#breadcrumb","itemListElement":[{"@type":"ListItem","position":1,"name":"Accueil","item":"https:\/\/c-behind.com\/"},{"@type":"ListItem","position":2,"name":"Support et maintenance Salesforce et Odoo"}]},{"@type":"WebSite","@id":"https:\/\/c-behind.com\/#website","url":"https:\/\/c-behind.com\/","name":"C Behind","description":"","publisher":{"@id":"https:\/\/c-behind.com\/#organization"},"potentialAction":[{"@type":"SearchAction","target":{"@type":"EntryPoint","urlTemplate":"https:\/\/c-behind.com\/?s={search_term_string}"},"query-input":"required name=search_term_string"}],"inLanguage":"fr-FR"},{"@type":"Organization","@id":"https:\/\/c-behind.com\/#organization","name":"C Behind","url":"https:\/\/c-behind.com\/","logo":{"@type":"ImageObject","inLanguage":"fr-FR","@id":"https:\/\/c-behind.com\/#\/schema\/logo\/image\/","url":"https:\/\/c-behind.com\/wp-content\/uploads\/2023\/03\/Logo-C-Behind.png","contentUrl":"https:\/\/c-behind.com\/wp-content\/uploads\/2023\/03\/Logo-C-Behind.png","width":198,"height":150,"caption":"C Behind"},"image":{"@id":"https:\/\/c-behind.com\/#\/schema\/logo\/image\/"},"sameAs":["https:\/\/www.linkedin.com\/company\/c-behind\/"]}]}},"_links":{"self":[{"href":"https:\/\/c-behind.com\/index.php\/wp-json\/wp\/v2\/pages\/25","targetHints":{"allow":["GET"]}}],"collection":[{"href":"https:\/\/c-behind.com\/index.php\/wp-json\/wp\/v2\/pages"}],"about":[{"href":"https:\/\/c-behind.com\/index.php\/wp-json\/wp\/v2\/types\/page"}],"author":[{"embeddable":true,"href":"https:\/\/c-behind.com\/index.php\/wp-json\/wp\/v2\/users\/2"}],"replies":[{"embeddable":true,"href":"https:\/\/c-behind.com\/index.php\/wp-json\/wp\/v2\/comments?post=25"}],"version-history":[{"count":4,"href":"https:\/\/c-behind.com\/index.php\/wp-json\/wp\/v2\/pages\/25\/revisions"}],"predecessor-version":[{"id":1738,"href":"https:\/\/c-behind.com\/index.php\/wp-json\/wp\/v2\/pages\/25\/revisions\/1738"}],"wp:attachment":[{"href":"https:\/\/c-behind.com\/index.php\/wp-json\/wp\/v2\/media?parent=25"}],"curies":[{"name":"wp","href":"https:\/\/api.w.org\/{rel}","templated":true}]}}